 p(z) be the third derivative of z**6/120 - z**5/20 - z**4/8 + z**2 - 15*z. Calculate p(l).
4
Let v(u) = -u**3 - 5*u**2 - 4*u - 1. Let h be (-2)/(-6) + 50/(-15). Let a = 1 + h. Let o be a + 4 + -1 + -5. Give v(o).
-1
Suppose 0 = o + o - 6. Let l(f) be the first derivative of 2 - 5/2*f**2 + 4/3*f**3 + 1/4*f**4 - o*f. Give l(-5).
-3
Let t(p) = -p**3 - 2*p**2 + 2*p + 3. Suppose 3*v - 24 = 24. Let g be 3/(4/(v/(-6))). Give t(g).
-1
Let v = 31 - 34. Let w(y) = -y**2 - 5*y - 3. Determine w(v).
3
Let f(t) = 0 + 3*t**3 - 2*t**3 + 3 + 0 + 4*t**2 - t. Let x = 4 + -8. Give f(x).
7
Let p(t) = -8*t**2 - t. Let c be (5 + -4)*3 - 4. Calculate p(c).
-7
Let a = -11 + 5. Let l(v) = -11*v + 4. Let g(x) = 7*x - 3. Let o(w) = -8*g(w) - 5*l(w). Give o(a).
10
Let y(c) = -c**3 - 4*c**2 + 6*c - 4. Let g(m) = -m**2 + 8*m + 15. Let s be g(10). What is y(s)?
-9
Let w(q) = -q + 12. Let c(l) = l**3 + 11*l**2 + 10*l + 7. Let z be c(-10). Let j(h) = -4. Let v(t) = z*j(t) + 2*w(t). Suppose -g + 1 = 6. What is v(g)?
6
Suppose m - 40 = -4*m. Let b be ((-4)/m)/(2/(-4)). Let i(k) = -2*k**2 - k. Determine i(b).
-3
Let v(h) = 3*h**2 - 11*h - 2. Let t(g) = -2*g**2 + 10*g + 2. Let b(s) = -4*t(s) - 3*v(s). Give b(-5).
8
Let w(i) = i**3 - 7*i**2 - 9*i + 8. Let y be 700/75*(-12)/(-14). Give w(y).
0
Suppose -2*q = -q - 5. Let w be 2 + 0 - (q + -6). Let b(j) = 4*j**2 - 2 - 4*j + j + 5 - j**3. What is b(w)?
3
Suppose -2*t = -4*t + 2. Let d be (0 + -2)/(t + 1). Let i(j) = -2*j + 3. Let u(o) = -7*o + 8. Let s(z) = 11*i(z) - 4*u(z). Determine s(d).
-5
Let u(c) = -4 - 2 + 2*c + 3*c - 2*c. Suppose 4*m + 5*q = 0, 2*m - 10 - 4 = q. What is u(m)?
9
Let k(l) = 3*l + 6. Let r be (-2 - -3)/1 + -8. Let i(u) = -2*u - 3. Let v(t) = r*i(t) - 3*k(t). Calculate v(-2).
-7
Let g be ((-2)/(-5))/((-6 + 4)/30). Let p(o) = -o**2 - 5*o - 1. Calculate p(g).
-7
Let y be 5 + -6 + 0 + 6. Suppose -25 = -y*r - 0*r. Suppose -14 = r*o + 2*v + 2*v, 2*o - v + 3 = 0. Let z(c) = -c**3 - 2*c**2 + 2*c + 1. Determine z(o).
-3
Let t(w) = 2*w + 6. Let y be t(-4). Let p(r) be the second derivative of 1/3*r**3 + 1/2*r**2 + 1/12*r**4 + 0 - r. What is p(y)?
1
Suppose 3*d = -0*d - 4*q, -35 = 5*d - 5*q. Let v = d + 7. Let x be -1 + 2*v/(-6). Let r(c) = c**3 + c**2 - 1. Determine r(x).
-5
Suppose -2*z + 7*z - 10 = 0. Let k(w) = -10*w. Determine k(z).
-20
Let t(r) = 0*r**3 - 6*r + 43*r**2 + r**3 - 1 - 41*r**2. Determine t(-4).
-9
Suppose 4*o + 36 = -4*b, -2*b = 3*o - 4 + 28. Let d(j) = -j**3 - 1. Let p(r) = 5*r**3 - 5*r**2 + 6*r + 13. Let g(f) = -6*d(f) - p(f). Calculate g(o).
-7
Suppose 8*x - 10*x = 0. Let b(h) be the third derivative of h**7/5040 - 7*h**6/720 - h**5/60 - h**2. Let l(c) be the third derivative of b(c). Calculate l(x).
-7
Let x(y) = y**3 + 4 - y**2 - y + 1 - 6. Let l be (1/2)/(1/(-2)). Calculate x(l).
-2
Suppose 5*q + 17 = y + 2*q, -2*y + 14 = -2*q. Let v(b) be the second derivative of 1/2*b**3 - b**2 - 2*b + 0 - 1/4*b**4. Determine v(y).
-8
Let l = -221 + 221. Let a(d) = 6*d + 2. Let t(i) = 5*i + 2. Let f be ((-2)/(-3))/(1/(-6)). Let v(o) = f*a(o) + 5*t(o). Calculate v(l).
2
Let u(b) = 13 - 2*b + 2*b**2 + 0*b - 3*b. Let n(d) = -d**2 + 2*d - 7. Let h(f) = -5*n(f) - 3*u(f). Let l(q) = q + 6. Let m be l(-3). Determine h(m).
2
Suppose o = -3*o + o. Let b(q) = q**3 - q**2 + q + 8. Determine b(o).
8
Suppose l + 25 = 6*l. Let m = l - -1. Let g(u) = -u**3 + 5*u**2 + 6*u - 2. Determine g(m).
-2
Suppose 2*l = 2*k, -4 = 4*k - 2*l - 3*l. Let z be 1*3 + (3 - 4) + 0. Let a(x) = 3 - 2 - z*x + k*x. Determine a(4).
9
Let o(j) = j**2 + 3*j + 1. Let u be o(-1). Let q = u + 2. Let b(h) = 8*h**2 - 6*h - 4. Let k(y) = 7*y**2 - 5*y - 3. Let p(w) = 4*b(w) - 5*k(w). Calculate p(q).
-3
Let m(o) be the second derivative of 1/6*o**3 - 3/2*o**2 + 0 + o. Calculate m(2).
-1
Let i(m) = -121*m**2 - 127*m**2 - 2*m + 250*m**2 - 2*m**3 + 3. Let z(l) = 2*l**2 + 6*l + 4. Let p be z(-4). Let d be ((-2)/(-4))/(3/p). Give i(d).
-9
Suppose -7 = -2*c + 3. Let b = c - 7. Let q(w) = -w**3 + w**2 + 2*w. Let r(x) = -3*x**3 + 3*x**2 + 6*x. Let s(u) = b*r(u) + 7*q(u). Calculate s(2).
0
Let v(i) = -2*i + 3 - 2*i - 1 - i**2. Let t(o) = o**3 + 4*o**2 + 3*o + 4. Let r be t(-3). Let x(z) = -z. Let b be x(r). Calculate v(b).
2
Let y(w) = -2*w - 3. Let j = 36 - 38. Give y(j).
1
Let q(x) = 41*x + 4. Let t(y) = 27*y + 3. Let m(p) = 5*q(p) - 7*t(p). Calculate m(1).
15
Let o = -1 - -4. Let f(x) = x**2 - x - 3. What is f(o)?
3
Let j(a) = 24*a. Let p(i) = 5*i - 16. Let d be p(3). Give j(d).
-24
Let i(h) = -7*h + 4 + 0*h**2 + 3*h + h**2 - 2*h. What is i(6)?
4
Let y(l) = -2*l**3 - 9*l**2 + 7*l - 2. Let i(m) = -m**3 - 5*m**2 + 4*m - 1. Let p(k) = -7*i(k) + 4*y(k). What is p(-2)?
3
Let n = 12 - 8. Suppose 5*c - 6 - n = 0. Let b(t) = 3*t - 3*t**2 - 2 - 2*t**2 + 3*t**2. Determine b(c).
-4
Let m(h) = h. Let r(n) = n**3 - 2*n**2 - 4*n + 3. Let d be r(3). Let v = d + -4. Give m(v).
-4
Suppose 3*u + 4*t + 36 = 4, 0 = -2*u - 3*t - 23. Let x = u + 10. Let r(i) = -i**3 + 5*i**2 + 6*i + 5. What is r(x)?
5
Let i(a) = -5*a. Let f be 3 + -4 + 1/1. Suppose f = 5*y + 1 - 6. Calculate i(y).
-5
Suppose -5*c - 12 - 18 = 0. Let u(y) = -y**3 - 7*y**2 - 6*y + 1. What is u(c)?
1
Let m = -1 + 4. Let l(w) = m*w + 4 - 22*w**2 - w**3 + 26*w**2 + 3*w**3 - 3*w**3. What is l(5)?
-6
Suppose 0 = a - 3*b - 4, -4*a + 11*b - 14*b = 29. Let p(i) = i**2 + i + 3. Let z(c) = c - 1. Let f(v) = p(v) + 4*z(v). What is f(a)?
-1
Let x(k) = -2 - k**2 + 3*k - 2 + 3. Let n be (-36)/(-18) - (1 + 0 - 2). Give x(n).
-1
Let a(i) = -i**3 - 4*i**2 + 4*i. Let u be a(-5). Let q(g) = -g**2 + 4*g + 2. Let t be q(4). Let z(x) = -t*x + 4 + x - u. Determine z(1).
-2
Let u(y) be the first derivative of y**2/2 + 15. Determine u(-1).
-1
Let v(l) = -l**3 + 4*l**2 - 2*l - 1. Let h be 152/36 + (-2)/9. Let c = 9 - h. Suppose c*s - 11 = 9. Give v(s).
-9
Let r be (-32)/(-18) + 4/18. Let q(v) = 10 + 2*v**2 + 2*v**2 - 3*v**3 + 2*v**3 - 3*v**r. Calculate q(0).
10
Let u(y) = -y + 1. Let d(k) = -3*k + 2. Let p(f) = 2*d(f) - 5*u(f). Let j(t) = -2 - 2*t + 3*t**2 - 3*t**3 + 0*t**3 + 2*t**3. Let v be j(2). Give p(v).
1
Let v(n) be the second derivative of -n**4/12 - n**3 - n**2/2 - 24*n. Give v(-4).
7
Let m(s) = -29*s + 66*s - 34*s + 2. Calculate m(-6).
-16
Let w(m) = 6*m + 2. Let n(d) = d**3 - 16*d**2 + d - 13. Let q be n(16). Determine w(q).
20
Let j(p) = 3*p - 5. Let f(x) = -7*x + 10. Let m(n) = 2*f(n) + 5*j(n). Suppose l - 8 + 4 = 0. What is m(l)?
-1
Suppose -3 = -2*j - c - 2, -2*c = 5*j. Let a(q) = -3*q**2 + 2 + 3*q - 4*q - q. Give a(j).
-6
Let u(v) = 4*v**2 - 3*v**2 - 2*v**2 + 0*v**2 - 5. Suppose -5*h + 12 = -2*h. Suppose h*m = 6*m. Give u(m).
-5
Suppose 5*a = -3*g + 82, 0*g - 66 = -4*a - 2*g. Suppose -4*m = -45 + a. Let u = m - 4. Let y(o) = -o**3 + 4*o**2 - 3*o + 1. Determine y(u).
1
Let f(g) = -3*g - 1. Let u = -92 - -62. Let r be ((-6)/(-10))/(6/u). Give f(r).
8
Let j(r) = -2*r + 3. Let k be (-9*1)/(-3) + 2. Suppose -k*t - 39 = -4*y, y = -0*y + t + 9. Let s = y - 9. What is j(s)?
9
Let o(q) = -3*q**2 - 3*q - 2. Let b(u) = 13*u**2 + 2*u - u + 10*u + 7. Let j(k) = 2*b(k) + 9*o(k). Calculate j(-5).
-4
Suppose -5*w - 3*x + 23 = -w, -w + 7 = 2*x. Let b(i) be the first derivative of -i**2/2 + 6*i + 14. What is b(w)?
1
Let y(a) = -5*a + 2*a - 1 + 2*a + 5. Give y(4).
0
Let q(g) = 4*g + 4. Let w be (-3 + 9)*(-4)/(-6). Determine q(w).
20
Let g(h) = -h - 4. Let t be (-9)/(-3) + -7 + 4. Let n(l) = -l - 7. Let s be n(t). Give g(s).
3
Let t(p) = 2*p**2 + 9*p - 15. Let o(g) = -5*g**2 - 26*g + 43. Let z(y) = -3*o(y) - 8*t(y). Let l = 22 - 16. Calculate z(l).
-9
Let y(q) = -1 - 3 + 9*q + 2. Let i(h) = 46*h - 10. Let p(g) = -2*i(g) + 11*y(g). Let n(z) = 8*z - 2. Let o(u) = 5*n(u) - 6*p(u). Determine o(-4).
10
Let x = -5 - -7. Let j = x - -1. Let f(g) = -j + 8*g + 7 - 1. Give f(-2).
-13
Let m = -10 + 8. Let c(o) = o**2 + 8 - 10 + o**2. What is c(m)?
6
Let i(n) = -n**2 - 4*n - 6. Let w be (4/5)/(2/(-10)) - 0. Calculate i(w).
-6
Let f(y) = y**2 + 6*y + 5. Let s(j) = 3*j - 4. Let z be s(0). Calculate f(z).
-3
Suppose 2*o - 4 = -4*r, 0*o - 2*r = 2*o - 10. Let h(y) = -y**3 + 1 - o + 3 - y. Calculate h(0).
-4
Suppose -5 = 9*t - 10*t. Let o(p) = -p**3 + 6*p**2 - 7*p + 7. What is o(t)?
-3
Let l be (-2)/((-3)/6 - 0). Let b(j) = -l*j**2 + 0*j**2 + 3*j**2 + 4*j + 4. Let i(w)